{"id":24,"date":"2018-06-12T15:52:35","date_gmt":"2018-06-12T13:52:35","guid":{"rendered":"http:\/\/www.e-pedal.fr\/?page_id=24"},"modified":"2020-11-20T13:20:51","modified_gmt":"2020-11-20T12:20:51","slug":"parcours-velo-vtt-electrique","status":"publish","type":"page","link":"https:\/\/www.e-pedal.fr\/fr\/parcours-velo-vtt-electrique\/","title":{"rendered":"Les parcours en libert\u00e9"},"content":{"rendered":"<div class=\"wpb-content-wrapper\"><p>[vc_row][vc_column]<div id=\"ultimate-heading-126769ef5bbbcb0b6\" class=\"uvc-heading ult-adjust-bottom-margin ultimate-heading-126769ef5bbbcb0b6 uvc-2257  uvc-heading-default-font-sizes\" data-hspacer=\"line_only\"  data-halign=\"center\" style=\"text-align:center\"><div class=\"uvc-main-heading ult-responsive\"  data-ultimate-target='.uvc-heading.ultimate-heading-126769ef5bbbcb0b6 h2'  data-responsive-json-new='{\"font-size\":\"\",\"line-height\":\"\"}' ><h2 style=\"--font-weight:theme;color:#00bdbf;\">Les parcours v\u00e9los &amp; VTT \u00e9lectriques<\/h2><\/div><div class=\"uvc-heading-spacer line_only\" style=\"margin-top:25px;margin-bottom:25px;height:1px;\"><span class=\"uvc-headings-line\" style=\"border-style:solid;border-bottom-width:1px;border-color:#00bdbf;width:100px;\"><\/span><\/div><div class=\"uvc-sub-heading ult-responsive\"  data-ultimate-target='.uvc-heading.ultimate-heading-126769ef5bbbcb0b6 .uvc-sub-heading '  data-responsive-json-new='{\"font-size\":\"\",\"line-height\":\"\"}'  style=\"font-weight:normal;margin-bottom:25px;\"><\/p>\n<h5>EPedal vous propose un panel complet d&rsquo;itin\u00e9raires en v\u00e9los ou VTT \u00e9lectriques autour de Gap et dans le Bu\u00ebch<\/h5>\n<p><\/div><\/div>[vc_column_text css=\u00a0\u00bb.vc_custom_1602153422377{padding-top: 25px !important;}\u00a0\u00bb]<\/p>\n<p style=\"text-align: center;\">Partez \u00e0 la d\u00e9couverte <strong>des plus beaux itin\u00e9raires v\u00e9los, VTC ou VTT autour de Gap et dans les Bu\u00ebch<\/strong> avec la s\u00e9lection de parcours EPedal !<\/p>\n<p style=\"text-align: center;\">Manu, moniteur cycliste et sp\u00e9cialiste de l&rsquo;itin\u00e9rance \u00e0 v\u00e9lo et VTT, a trac\u00e9 <strong>pr\u00e8s de 30 parcours adapt\u00e9s \u00e0 tous les niveaux de pratique et d&rsquo;une longueur entre 15 km et 70 km.<\/strong> Choisissez votre parcours, t\u00e9l\u00e9charger le en PDF ou dans l&rsquo;application Cirkwi et partez rouler \u00e0 la d\u00e9couverte du Bu\u00ebch et des alentours de Gap !<\/p>\n<p style=\"text-align: center;\">Vous pr\u00e9f\u00e9rez suivre le guide ? EPedal propose <a href=\"https:\/\/www.e-pedal.fr\/fr\/sorties-journee-velo-vtt-electrique\/\">des sorties \u00e0 v\u00e9lo et VTT tous les jours<\/a> pendant la saison estivale et organise, \u00e0 la demande, des sorties sur-mesure.<\/p>\n<p>[\/vc_column_text][\/vc_column][\/vc_row][vc_row][vc_column][vc_raw_js]JTNDc2NyaXB0JTIwdHlwZSUzRCUyMnRleHQlMkZqYXZhc2NyaXB0JTIyJTIwc3JjJTNEJTIyaHR0cHMlM0ElMkYlMkZ3d3cubW9kdWxlc2JveC5jb20lMkZqcyUyRm1vZHVsZS1sb2FkZXIuanMlMjIlMjBpZCUzRCUyMm1iLW1vZHVsZS1sb2FkZXIlMjIlM0UlM0MlMkZzY3JpcHQlM0UlMEElM0NzY3JpcHQlMjB0eXBlJTNEJTIydGV4dCUyRmphdmFzY3JpcHQlMjIlM0UlMEElMjAlMjAlMjAlMjBtYkxvYWRNb2R1bGUlMjglN0IlMjBpZCUzQSUyMDEyMjQ5MCUyQyUyMGxvY2FsZSUzQSUyMCUyMmZyJTIyJTIwJTdEJTI5JTNCJTBBJTNDJTJGc2NyaXB0JTNFJTBBJTNDZGl2JTIwaWQlM0QlMjJtYi1tb2R1bGUtMTIyNDkwJTIyJTNFJTNDJTJGZGl2JTNF[\/vc_raw_js][\/vc_column][\/vc_row]<\/p>\n<\/div>","protected":false},"excerpt":{"rendered":"<p>[vc_row][vc_column][vc_column_text css=\u00a0\u00bb.vc_custom_1602153422377{padding-top: 25px !important;}\u00a0\u00bb] Partez \u00e0 la d\u00e9couverte des plus beaux itin\u00e9raires v\u00e9los, VTC ou VTT autour de Gap et dans les Bu\u00ebch avec la s\u00e9lection de parcours EPedal ! Manu, moniteur cycliste et sp\u00e9cialiste de l&rsquo;itin\u00e9rance \u00e0 v\u00e9lo et VTT, a trac\u00e9 pr\u00e8s de 30 parcours adapt\u00e9s \u00e0 tous les niveaux de pratique et&hellip;<\/p>\n","protected":false},"author":2,"featured_media":0,"parent":0,"menu_order":0,"comment_status":"closed","ping_status":"closed","template":"","meta":{"_acf_changed":false,"footnotes":""},"class_list":["post-24","page","type-page","status-publish","hentry","description-off"],"acf":[],"_links":{"self":[{"href":"https:\/\/www.e-pedal.fr\/fr\/wp-json\/wp\/v2\/pages\/24","targetHints":{"allow":["GET"]}}],"collection":[{"href":"https:\/\/www.e-pedal.fr\/fr\/wp-json\/wp\/v2\/pages"}],"about":[{"href":"https:\/\/www.e-pedal.fr\/fr\/wp-json\/wp\/v2\/types\/page"}],"author":[{"embeddable":true,"href":"https:\/\/www.e-pedal.fr\/fr\/wp-json\/wp\/v2\/users\/2"}],"replies":[{"embeddable":true,"href":"https:\/\/www.e-pedal.fr\/fr\/wp-json\/wp\/v2\/comments?post=24"}],"version-history":[{"count":28,"href":"https:\/\/www.e-pedal.fr\/fr\/wp-json\/wp\/v2\/pages\/24\/revisions"}],"predecessor-version":[{"id":709,"href":"https:\/\/www.e-pedal.fr\/fr\/wp-json\/wp\/v2\/pages\/24\/revisions\/709"}],"wp:attachment":[{"href":"https:\/\/www.e-pedal.fr\/fr\/wp-json\/wp\/v2\/media?parent=24"}],"curies":[{"name":"wp","href":"https:\/\/api.w.org\/{rel}","templated":true}]}}

Les parcours en liberté

<div class="wpb-content-wrapper"><p>[vc_row][vc_column]<div id="ultimate-heading-126769ef5bbbcb0b6" class="uvc-heading ult-adjust-bottom-margin ultimate-heading-126769ef5bbbcb0b6 uvc-2257  uvc-heading-default-font-sizes" data-hspacer="line_only"  data-halign="center" style="text-align:center"><div class="uvc-main-heading ult-responsive"  data-ultimate-target='.uvc-heading.ultimate-heading-126769ef5bbbcb0b6 h2'  data-responsive-json-new='{"font-size":"","line-height":""}' ><h2 style="--font-weight:theme;color:#00bdbf;">Les parcours vélos &amp; VTT électriques</h2></div><div class="uvc-heading-spacer line_only" style="margin-top:25px;margin-bottom:25px;height:1px;"><span class="uvc-headings-line" style="border-style:solid;border-bottom-width:1px;border-color:#00bdbf;width:100px;"></span></div><div class="uvc-sub-heading ult-responsive"  data-ultimate-target='.uvc-heading.ultimate-heading-126769ef5bbbcb0b6 .uvc-sub-heading '  data-responsive-json-new='{"font-size":"","line-height":""}'  style="font-weight:normal;margin-bottom:25px;"></p>
<h5>EPedal vous propose un panel complet d&rsquo;itinéraires en vélos ou VTT électriques autour de Gap et dans le Buëch</h5>
<p></div></div>[vc_column_text css= ».vc_custom_1602153422377{padding-top: 25px !important;} »]</p>
<p style="text-align: center;">Partez à la découverte <strong>des plus beaux itinéraires vélos, VTC ou VTT autour de Gap et dans les Buëch</strong> avec la sélection de parcours EPedal !</p>
<p style="text-align: center;">Manu, moniteur cycliste et spécialiste de l&rsquo;itinérance à vélo et VTT, a tracé <strong>près de 30 parcours adaptés à tous les niveaux de pratique et d&rsquo;une longueur entre 15 km et 70 km.</strong> Choisissez votre parcours, télécharger le en PDF ou dans l&rsquo;application Cirkwi et partez rouler à la découverte du Buëch et des alentours de Gap !</p>
<p style="text-align: center;">Vous préférez suivre le guide ? EPedal propose <a href="https://www.e-pedal.fr/fr/sorties-journee-velo-vtt-electrique/">des sorties à vélo et VTT tous les jours</a> pendant la saison estivale et organise, à la demande, des sorties sur-mesure.</p>
<p>[/vc_column_text][/vc_column][/vc_row][vc_row][vc_column][vc_raw_js]JTNDc2NyaXB0JTIwdHlwZSUzRCUyMnRleHQlMkZqYXZhc2NyaXB0JTIyJTIwc3JjJTNEJTIyaHR0cHMlM0ElMkYlMkZ3d3cubW9kdWxlc2JveC5jb20lMkZqcyUyRm1vZHVsZS1sb2FkZXIuanMlMjIlMjBpZCUzRCUyMm1iLW1vZHVsZS1sb2FkZXIlMjIlM0UlM0MlMkZzY3JpcHQlM0UlMEElM0NzY3JpcHQlMjB0eXBlJTNEJTIydGV4dCUyRmphdmFzY3JpcHQlMjIlM0UlMEElMjAlMjAlMjAlMjBtYkxvYWRNb2R1bGUlMjglN0IlMjBpZCUzQSUyMDEyMjQ5MCUyQyUyMGxvY2FsZSUzQSUyMCUyMmZyJTIyJTIwJTdEJTI5JTNCJTBBJTNDJTJGc2NyaXB0JTNFJTBBJTNDZGl2JTIwaWQlM0QlMjJtYi1tb2R1bGUtMTIyNDkwJTIyJTNFJTNDJTJGZGl2JTNF[/vc_raw_js][/vc_column][/vc_row]</p>
</div>

<p>[vc_row][vc_column][vc_column_text css= ».vc_custom_1602153422377{padding-top: 25px !important;} »] Partez à la découverte des plus beaux itinéraires vélos, VTC ou VTT autour de Gap et dans les Buëch avec la sélection de parcours EPedal ! Manu, moniteur cycliste et spécialiste de l&rsquo;itinérance à vélo et VTT, a tracé près de 30 parcours adaptés à tous les niveaux de pratique et&hellip;</p>
