{"id":991,"date":"2023-12-20T17:36:04","date_gmt":"2023-12-20T16:36:04","guid":{"rendered":"https:\/\/www.e-pedal.fr\/?post_type=dt_portfolio&#038;p=991"},"modified":"2024-03-17T06:55:10","modified_gmt":"2024-03-17T05:55:10","slug":"alpine-trail-e2-2023","status":"publish","type":"dt_portfolio","link":"https:\/\/www.e-pedal.fr\/fr\/s\u00e9jours\/alpine-trail-e2-2023\/","title":{"rendered":"Marin Alpine Trail E2 2023"},"content":{"rendered":"<p>Version la mieux \u00e9quip\u00e9e des Alpines Trail avec une fox 38 une transmission XT\/SLX le Marin alpin trail E2 est le VTT \u00e9lectrique fait pour aller jouer en montagne. Montage Mullet, ce VTT est tr\u00e8s typ\u00e9 enduro, un bijou \u00e0 la descente ! avec l&rsquo;efficacit\u00e9 du moteur EP8 \u00e0 la mont\u00e9e !<\/p>\n<h4 style=\"text-align: center;\"><strong><del>6000\u20ac<\/del><\/strong><\/h4>\n<h4 style=\"text-align: center;\">4500\u20ac occasion 4700\u20ac neuf<\/h4>\n<p style=\"text-align: center;\"><a href=\"https:\/\/www.marinbikes.com\/fr\/bikes\/2022-alpine-trail-e2-2\">voir la fiche constructeur<\/a><\/p>\n<p><\/p>","protected":false},"excerpt":{"rendered":"<p>Version la mieux \u00e9quip\u00e9e des Alpines Trail avec une fox 38 une transmission XT\/SLX le Marin alpin trail E2 est le VTT \u00e9lectrique fait pour aller jouer en montagne. Montage Mullet, ce VTT est tr\u00e8s typ\u00e9 enduro, un bijou \u00e0 la descente ! avec l&rsquo;efficacit\u00e9 du moteur EP8 \u00e0 la mont\u00e9e ! 6000\u20ac 4500\u20ac occasion&hellip;<\/p>\n","protected":false},"author":3,"featured_media":935,"comment_status":"closed","ping_status":"closed","template":"","dt_portfolio_category":[194,195],"dt_portfolio_tags":[],"class_list":["post-991","dt_portfolio","type-dt_portfolio","status-publish","has-post-thumbnail","hentry","dt_portfolio_category-destockage-velo","dt_portfolio_category-vtt-tout-suspendu","dt_portfolio_category-194","dt_portfolio_category-195","description-off"],"acf":[],"_links":{"self":[{"href":"https:\/\/www.e-pedal.fr\/fr\/wp-json\/wp\/v2\/dt_portfolio\/991","targetHints":{"allow":["GET"]}}],"collection":[{"href":"https:\/\/www.e-pedal.fr\/fr\/wp-json\/wp\/v2\/dt_portfolio"}],"about":[{"href":"https:\/\/www.e-pedal.fr\/fr\/wp-json\/wp\/v2\/types\/dt_portfolio"}],"author":[{"embeddable":true,"href":"https:\/\/www.e-pedal.fr\/fr\/wp-json\/wp\/v2\/users\/3"}],"replies":[{"embeddable":true,"href":"https:\/\/www.e-pedal.fr\/fr\/wp-json\/wp\/v2\/comments?post=991"}],"version-history":[{"count":3,"href":"https:\/\/www.e-pedal.fr\/fr\/wp-json\/wp\/v2\/dt_portfolio\/991\/revisions"}],"predecessor-version":[{"id":1044,"href":"https:\/\/www.e-pedal.fr\/fr\/wp-json\/wp\/v2\/dt_portfolio\/991\/revisions\/1044"}],"wp:featuredmedia":[{"embeddable":true,"href":"https:\/\/www.e-pedal.fr\/fr\/wp-json\/wp\/v2\/media\/935"}],"wp:attachment":[{"href":"https:\/\/www.e-pedal.fr\/fr\/wp-json\/wp\/v2\/media?parent=991"}],"wp:term":[{"taxonomy":"dt_portfolio_category","embeddable":true,"href":"https:\/\/www.e-pedal.fr\/fr\/wp-json\/wp\/v2\/dt_portfolio_category?post=991"},{"taxonomy":"dt_portfolio_tags","embeddable":true,"href":"https:\/\/www.e-pedal.fr\/fr\/wp-json\/wp\/v2\/dt_portfolio_tags?post=991"}],"curies":[{"name":"wp","href":"https:\/\/api.w.org\/{rel}","templated":true}]}}

https://www.e-pedal.fr/fr/séjours/alpine-trail-e2-2023/

<p>Version la mieux équipée des Alpines Trail avec une fox 38 une transmission XT/SLX le Marin alpin trail E2 est le VTT électrique fait pour aller jouer en montagne. Montage Mullet, ce VTT est très typé enduro, un bijou à la descente ! avec l&rsquo;efficacité du moteur EP8 à la montée !</p>
<h4 style="text-align: center;"><strong><del>6000€</del></strong></h4>
<h4 style="text-align: center;">4500€ occasion 4700€ neuf</h4>
<p style="text-align: center;"><a href="https://www.marinbikes.com/fr/bikes/2022-alpine-trail-e2-2">voir la fiche constructeur</a></p>
<p></p>

<p>Version la mieux équipée des Alpines Trail avec une fox 38 une transmission XT/SLX le Marin alpin trail E2 est le VTT électrique fait pour aller jouer en montagne. Montage Mullet, ce VTT est très typé enduro, un bijou à la descente ! avec l&rsquo;efficacité du moteur EP8 à la montée ! 6000€ 4500€ occasion&hellip;</p>
