{"id":989,"date":"2023-12-20T17:34:30","date_gmt":"2023-12-20T16:34:30","guid":{"rendered":"https:\/\/www.e-pedal.fr\/?post_type=dt_portfolio&#038;p=989"},"modified":"2023-12-20T17:34:30","modified_gmt":"2023-12-20T16:34:30","slug":"marin-alpine-trail-e2-2022","status":"publish","type":"dt_portfolio","link":"https:\/\/www.e-pedal.fr\/fr\/s\u00e9jours\/marin-alpine-trail-e2-2022\/","title":{"rendered":"Marin Alpine Trail E2 2022"},"content":{"rendered":"<p>Version la mieux \u00e9quip\u00e9e des Alpines Trail avec une fox 38 une transmission XT\/SLX le Marin alpin trail E2 est le VTT \u00e9lectrique fait pour aller jouer en montagne. Montage Mullet, ce VTT est tr\u00e8s typ\u00e9 enduro, un bijou \u00e0 la descente ! avec l&rsquo;efficacit\u00e9 du moteur EP8 \u00e0 la mont\u00e9e !<\/p>\n<h4 style=\"text-align: center;\"><strong><del>6000\u20ac<\/del><\/strong><\/h4>\n<h4 style=\"text-align: center;\">4200\u20ac<\/h4>\n<p style=\"text-align: center;\"><a href=\"https:\/\/www.marinbikes.com\/fr\/bikes\/2022-alpine-trail-e2\">voir la fiche constructeur<\/a><\/p>\n<p><\/p>","protected":false},"excerpt":{"rendered":"<p>Version la mieux \u00e9quip\u00e9e des Alpines Trail avec une fox 38 une transmission XT\/SLX le Marin alpin trail E2 est le VTT \u00e9lectrique fait pour aller jouer en montagne. Montage Mullet, ce VTT est tr\u00e8s typ\u00e9 enduro, un bijou \u00e0 la descente ! avec l&rsquo;efficacit\u00e9 du moteur EP8 \u00e0 la mont\u00e9e ! 6000\u20ac 4200\u20ac voir&hellip;<\/p>\n","protected":false},"author":3,"featured_media":934,"comment_status":"closed","ping_status":"closed","template":"","dt_portfolio_category":[194,195],"dt_portfolio_tags":[],"class_list":["post-989","dt_portfolio","type-dt_portfolio","status-publish","has-post-thumbnail","hentry","dt_portfolio_category-destockage-velo","dt_portfolio_category-vtt-tout-suspendu","dt_portfolio_category-194","dt_portfolio_category-195","description-off"],"acf":[],"_links":{"self":[{"href":"https:\/\/www.e-pedal.fr\/fr\/wp-json\/wp\/v2\/dt_portfolio\/989","targetHints":{"allow":["GET"]}}],"collection":[{"href":"https:\/\/www.e-pedal.fr\/fr\/wp-json\/wp\/v2\/dt_portfolio"}],"about":[{"href":"https:\/\/www.e-pedal.fr\/fr\/wp-json\/wp\/v2\/types\/dt_portfolio"}],"author":[{"embeddable":true,"href":"https:\/\/www.e-pedal.fr\/fr\/wp-json\/wp\/v2\/users\/3"}],"replies":[{"embeddable":true,"href":"https:\/\/www.e-pedal.fr\/fr\/wp-json\/wp\/v2\/comments?post=989"}],"version-history":[{"count":1,"href":"https:\/\/www.e-pedal.fr\/fr\/wp-json\/wp\/v2\/dt_portfolio\/989\/revisions"}],"predecessor-version":[{"id":990,"href":"https:\/\/www.e-pedal.fr\/fr\/wp-json\/wp\/v2\/dt_portfolio\/989\/revisions\/990"}],"wp:featuredmedia":[{"embeddable":true,"href":"https:\/\/www.e-pedal.fr\/fr\/wp-json\/wp\/v2\/media\/934"}],"wp:attachment":[{"href":"https:\/\/www.e-pedal.fr\/fr\/wp-json\/wp\/v2\/media?parent=989"}],"wp:term":[{"taxonomy":"dt_portfolio_category","embeddable":true,"href":"https:\/\/www.e-pedal.fr\/fr\/wp-json\/wp\/v2\/dt_portfolio_category?post=989"},{"taxonomy":"dt_portfolio_tags","embeddable":true,"href":"https:\/\/www.e-pedal.fr\/fr\/wp-json\/wp\/v2\/dt_portfolio_tags?post=989"}],"curies":[{"name":"wp","href":"https:\/\/api.w.org\/{rel}","templated":true}]}}

https://www.e-pedal.fr/fr/séjours/marin-alpine-trail-e2-2022/

<p>Version la mieux équipée des Alpines Trail avec une fox 38 une transmission XT/SLX le Marin alpin trail E2 est le VTT électrique fait pour aller jouer en montagne. Montage Mullet, ce VTT est très typé enduro, un bijou à la descente ! avec l&rsquo;efficacité du moteur EP8 à la montée !</p>
<h4 style="text-align: center;"><strong><del>6000€</del></strong></h4>
<h4 style="text-align: center;">4200€</h4>
<p style="text-align: center;"><a href="https://www.marinbikes.com/fr/bikes/2022-alpine-trail-e2">voir la fiche constructeur</a></p>
<p></p>

<p>Version la mieux équipée des Alpines Trail avec une fox 38 une transmission XT/SLX le Marin alpin trail E2 est le VTT électrique fait pour aller jouer en montagne. Montage Mullet, ce VTT est très typé enduro, un bijou à la descente ! avec l&rsquo;efficacité du moteur EP8 à la montée ! 6000€ 4200€ voir&hellip;</p>
