{"id":984,"date":"2023-12-20T17:20:44","date_gmt":"2023-12-20T16:20:44","guid":{"rendered":"https:\/\/www.e-pedal.fr\/?post_type=dt_portfolio&#038;p=984"},"modified":"2024-03-16T19:13:04","modified_gmt":"2024-03-16T18:13:04","slug":"marin-alpine-trail-e1-2023","status":"publish","type":"dt_portfolio","link":"https:\/\/www.e-pedal.fr\/fr\/s\u00e9jours\/marin-alpine-trail-e1-2023\/","title":{"rendered":"Marin Alpine Trail E1 2023"},"content":{"rendered":"<p>Idem que le modele 2022 avec une batterie 630 w et des mousses dans les tubeless. Le Marin alpin trail E1 est le VTT \u00e9lectrique fait pour aller jouer en montagne ! Avec son montage mullet et \u00e7a position assez courte il est tr\u00e8s maniable et se faufile partout.Tr\u00e8s typ\u00e9 enduro, sa g\u00e9om\u00e9trie et sa petite roue en 27.5 \u00e0 l\u2019arri\u00e8re fait qu\u2019il est tr\u00e8s joueur, facile \u00e0 placer et \u00e0 faire tourner. L\u2019amortisseur a ressort aide le v\u00e9lo \u00e0 faire oublier son poids et absorbe tous les chocs, le rendant stable \u00e0 haute vitesse.<\/p>\n<h4 style=\"text-align: center;\"><strong><del>5600\u20ac<\/del><\/strong><\/h4>\n<h4 style=\"text-align: center;\">3570\u20ac occasion\u00a0 3950 neuf<\/h4>\n<p style=\"text-align: center;\"><a href=\"https:\/\/minibcycles.com\/produit\/vtt-electrique-marin-bikes-alpine-trail-e1-2023-green-black\/\">voir la fiche constructeur<\/a><\/p>\n<p><\/p>","protected":false},"excerpt":{"rendered":"<p>Idem que le modele 2022 avec une batterie 630 w et des mousses dans les tubeless. Le Marin alpin trail E1 est le VTT \u00e9lectrique fait pour aller jouer en montagne ! Avec son montage mullet et \u00e7a position assez courte il est tr\u00e8s maniable et se faufile partout.Tr\u00e8s typ\u00e9 enduro, sa g\u00e9om\u00e9trie et sa&hellip;<\/p>\n","protected":false},"author":3,"featured_media":932,"comment_status":"closed","ping_status":"closed","template":"","dt_portfolio_category":[194,195],"dt_portfolio_tags":[],"class_list":["post-984","dt_portfolio","type-dt_portfolio","status-publish","has-post-thumbnail","hentry","dt_portfolio_category-destockage-velo","dt_portfolio_category-vtt-tout-suspendu","dt_portfolio_category-194","dt_portfolio_category-195","description-off"],"acf":[],"_links":{"self":[{"href":"https:\/\/www.e-pedal.fr\/fr\/wp-json\/wp\/v2\/dt_portfolio\/984","targetHints":{"allow":["GET"]}}],"collection":[{"href":"https:\/\/www.e-pedal.fr\/fr\/wp-json\/wp\/v2\/dt_portfolio"}],"about":[{"href":"https:\/\/www.e-pedal.fr\/fr\/wp-json\/wp\/v2\/types\/dt_portfolio"}],"author":[{"embeddable":true,"href":"https:\/\/www.e-pedal.fr\/fr\/wp-json\/wp\/v2\/users\/3"}],"replies":[{"embeddable":true,"href":"https:\/\/www.e-pedal.fr\/fr\/wp-json\/wp\/v2\/comments?post=984"}],"version-history":[{"count":2,"href":"https:\/\/www.e-pedal.fr\/fr\/wp-json\/wp\/v2\/dt_portfolio\/984\/revisions"}],"predecessor-version":[{"id":1043,"href":"https:\/\/www.e-pedal.fr\/fr\/wp-json\/wp\/v2\/dt_portfolio\/984\/revisions\/1043"}],"wp:featuredmedia":[{"embeddable":true,"href":"https:\/\/www.e-pedal.fr\/fr\/wp-json\/wp\/v2\/media\/932"}],"wp:attachment":[{"href":"https:\/\/www.e-pedal.fr\/fr\/wp-json\/wp\/v2\/media?parent=984"}],"wp:term":[{"taxonomy":"dt_portfolio_category","embeddable":true,"href":"https:\/\/www.e-pedal.fr\/fr\/wp-json\/wp\/v2\/dt_portfolio_category?post=984"},{"taxonomy":"dt_portfolio_tags","embeddable":true,"href":"https:\/\/www.e-pedal.fr\/fr\/wp-json\/wp\/v2\/dt_portfolio_tags?post=984"}],"curies":[{"name":"wp","href":"https:\/\/api.w.org\/{rel}","templated":true}]}}

https://www.e-pedal.fr/fr/séjours/marin-alpine-trail-e1-2023/

<p>Idem que le modele 2022 avec une batterie 630 w et des mousses dans les tubeless. Le Marin alpin trail E1 est le VTT électrique fait pour aller jouer en montagne ! Avec son montage mullet et ça position assez courte il est très maniable et se faufile partout.Très typé enduro, sa géométrie et sa petite roue en 27.5 à l’arrière fait qu’il est très joueur, facile à placer et à faire tourner. L’amortisseur a ressort aide le vélo à faire oublier son poids et absorbe tous les chocs, le rendant stable à haute vitesse.</p>
<h4 style="text-align: center;"><strong><del>5600€</del></strong></h4>
<h4 style="text-align: center;">3570€ occasion  3950 neuf</h4>
<p style="text-align: center;"><a href="https://minibcycles.com/produit/vtt-electrique-marin-bikes-alpine-trail-e1-2023-green-black/">voir la fiche constructeur</a></p>
<p></p>

<p>Idem que le modele 2022 avec une batterie 630 w et des mousses dans les tubeless. Le Marin alpin trail E1 est le VTT électrique fait pour aller jouer en montagne ! Avec son montage mullet et ça position assez courte il est très maniable et se faufile partout.Très typé enduro, sa géométrie et sa&hellip;</p>
