{"id":973,"date":"2023-12-20T16:44:02","date_gmt":"2023-12-20T15:44:02","guid":{"rendered":"https:\/\/www.e-pedal.fr\/?post_type=dt_portfolio&#038;p=973"},"modified":"2023-12-20T16:51:20","modified_gmt":"2023-12-20T15:51:20","slug":"lombardo-stylus","status":"publish","type":"dt_portfolio","link":"https:\/\/www.e-pedal.fr\/fr\/s\u00e9jours\/lombardo-stylus\/","title":{"rendered":"Lombardo Stylus"},"content":{"rendered":"<p><strong>Un v\u00e9lo tout suspendu en taille S et avec des roues en 27.5 pouces tubeless. 140mm de d\u00e9battement avant et arri\u00e8re, Ce VTT est tr\u00e8s fiable, il a \u00e9t\u00e9 upgrad\u00e9 avec une transmission XT. A la fois plus l\u00e9ger et compact, ce VTT hyper maniable et joueur d\u00e9veloppe jusqu\u2019\u00e0 85 Nm de couple pour une assistance au p\u00e9dalage.\u00a0<\/strong><\/p>\n<h4 style=\"text-align: center;\"><del>4199\u20ac<\/del><\/h4>\n<h4 style=\"text-align: center;\">Occasion r\u00e9vis\u00e9e 3200\u20ac<\/h4>\n<p style=\"text-align: center;\">voir la fiche constructeur<\/p>\n<p><\/p>","protected":false},"excerpt":{"rendered":"<p>Un v\u00e9lo tout suspendu en taille S et avec des roues en 27.5 pouces tubeless. 140mm de d\u00e9battement avant et arri\u00e8re, Ce VTT est tr\u00e8s fiable, il a \u00e9t\u00e9 upgrad\u00e9 avec une transmission XT. A la fois plus l\u00e9ger et compact, ce VTT hyper maniable et joueur d\u00e9veloppe jusqu\u2019\u00e0 85 Nm de couple pour une&hellip;<\/p>\n","protected":false},"author":3,"featured_media":939,"comment_status":"closed","ping_status":"closed","template":"","dt_portfolio_category":[194,195],"dt_portfolio_tags":[],"class_list":["post-973","dt_portfolio","type-dt_portfolio","status-publish","has-post-thumbnail","hentry","dt_portfolio_category-destockage-velo","dt_portfolio_category-vtt-tout-suspendu","dt_portfolio_category-194","dt_portfolio_category-195","description-off"],"acf":[],"_links":{"self":[{"href":"https:\/\/www.e-pedal.fr\/fr\/wp-json\/wp\/v2\/dt_portfolio\/973","targetHints":{"allow":["GET"]}}],"collection":[{"href":"https:\/\/www.e-pedal.fr\/fr\/wp-json\/wp\/v2\/dt_portfolio"}],"about":[{"href":"https:\/\/www.e-pedal.fr\/fr\/wp-json\/wp\/v2\/types\/dt_portfolio"}],"author":[{"embeddable":true,"href":"https:\/\/www.e-pedal.fr\/fr\/wp-json\/wp\/v2\/users\/3"}],"replies":[{"embeddable":true,"href":"https:\/\/www.e-pedal.fr\/fr\/wp-json\/wp\/v2\/comments?post=973"}],"version-history":[{"count":3,"href":"https:\/\/www.e-pedal.fr\/fr\/wp-json\/wp\/v2\/dt_portfolio\/973\/revisions"}],"predecessor-version":[{"id":976,"href":"https:\/\/www.e-pedal.fr\/fr\/wp-json\/wp\/v2\/dt_portfolio\/973\/revisions\/976"}],"wp:featuredmedia":[{"embeddable":true,"href":"https:\/\/www.e-pedal.fr\/fr\/wp-json\/wp\/v2\/media\/939"}],"wp:attachment":[{"href":"https:\/\/www.e-pedal.fr\/fr\/wp-json\/wp\/v2\/media?parent=973"}],"wp:term":[{"taxonomy":"dt_portfolio_category","embeddable":true,"href":"https:\/\/www.e-pedal.fr\/fr\/wp-json\/wp\/v2\/dt_portfolio_category?post=973"},{"taxonomy":"dt_portfolio_tags","embeddable":true,"href":"https:\/\/www.e-pedal.fr\/fr\/wp-json\/wp\/v2\/dt_portfolio_tags?post=973"}],"curies":[{"name":"wp","href":"https:\/\/api.w.org\/{rel}","templated":true}]}}

https://www.e-pedal.fr/fr/séjours/lombardo-stylus/

<p><strong>Un vélo tout suspendu en taille S et avec des roues en 27.5 pouces tubeless. 140mm de débattement avant et arrière, Ce VTT est très fiable, il a été upgradé avec une transmission XT. A la fois plus léger et compact, ce VTT hyper maniable et joueur développe jusqu’à 85 Nm de couple pour une assistance au pédalage. </strong></p>
<h4 style="text-align: center;"><del>4199€</del></h4>
<h4 style="text-align: center;">Occasion révisée 3200€</h4>
<p style="text-align: center;">voir la fiche constructeur</p>
<p></p>

<p>Un vélo tout suspendu en taille S et avec des roues en 27.5 pouces tubeless. 140mm de débattement avant et arrière, Ce VTT est très fiable, il a été upgradé avec une transmission XT. A la fois plus léger et compact, ce VTT hyper maniable et joueur développe jusqu’à 85 Nm de couple pour une&hellip;</p>
