{"id":858,"date":"2023-12-13T22:22:44","date_gmt":"2023-12-13T21:22:44","guid":{"rendered":"https:\/\/www.e-pedal.fr\/?post_type=dt_portfolio&#038;p=858"},"modified":"2023-12-20T15:23:00","modified_gmt":"2023-12-20T14:23:00","slug":"marin-rift-zone-e","status":"publish","type":"dt_portfolio","link":"https:\/\/www.e-pedal.fr\/fr\/s\u00e9jours\/marin-rift-zone-e\/","title":{"rendered":"Marin Rift Zone E"},"content":{"rendered":"<p><strong>Un VTT electrique tout suspendu trail avec 140mm de d\u00e9battement et en 29 Pouces. Un VTT tr\u00e8s polyvalent hyper efficace en mont\u00e9e et joueur dans les zones techniques.<\/strong><\/p>\n<h4><del>4999\u20ac<\/del><\/h4>\n<h4>3700\u20ac<\/h4>\n<p><a href=\"https:\/\/www.marinbikes.com\/fr\/bikes\/2023-rift-zone-e-base\" target=\"_blank\" rel=\"noopener\">voir la fiche constructeur<\/a><\/p>","protected":false},"excerpt":{"rendered":"<p>Un VTT electrique tout suspendu trail avec 140mm de d\u00e9battement et en 29 Pouces. Un VTT tr\u00e8s polyvalent hyper efficace en mont\u00e9e et joueur dans les zones techniques. 4999\u20ac 3700\u20ac voir la fiche constructeur<\/p>\n","protected":false},"author":2,"featured_media":927,"comment_status":"closed","ping_status":"closed","template":"","dt_portfolio_category":[194,195],"dt_portfolio_tags":[],"class_list":["post-858","dt_portfolio","type-dt_portfolio","status-publish","has-post-thumbnail","hentry","dt_portfolio_category-destockage-velo","dt_portfolio_category-vtt-tout-suspendu","dt_portfolio_category-194","dt_portfolio_category-195","description-off"],"acf":[],"_links":{"self":[{"href":"https:\/\/www.e-pedal.fr\/fr\/wp-json\/wp\/v2\/dt_portfolio\/858","targetHints":{"allow":["GET"]}}],"collection":[{"href":"https:\/\/www.e-pedal.fr\/fr\/wp-json\/wp\/v2\/dt_portfolio"}],"about":[{"href":"https:\/\/www.e-pedal.fr\/fr\/wp-json\/wp\/v2\/types\/dt_portfolio"}],"author":[{"embeddable":true,"href":"https:\/\/www.e-pedal.fr\/fr\/wp-json\/wp\/v2\/users\/2"}],"replies":[{"embeddable":true,"href":"https:\/\/www.e-pedal.fr\/fr\/wp-json\/wp\/v2\/comments?post=858"}],"version-history":[{"count":22,"href":"https:\/\/www.e-pedal.fr\/fr\/wp-json\/wp\/v2\/dt_portfolio\/858\/revisions"}],"predecessor-version":[{"id":928,"href":"https:\/\/www.e-pedal.fr\/fr\/wp-json\/wp\/v2\/dt_portfolio\/858\/revisions\/928"}],"wp:featuredmedia":[{"embeddable":true,"href":"https:\/\/www.e-pedal.fr\/fr\/wp-json\/wp\/v2\/media\/927"}],"wp:attachment":[{"href":"https:\/\/www.e-pedal.fr\/fr\/wp-json\/wp\/v2\/media?parent=858"}],"wp:term":[{"taxonomy":"dt_portfolio_category","embeddable":true,"href":"https:\/\/www.e-pedal.fr\/fr\/wp-json\/wp\/v2\/dt_portfolio_category?post=858"},{"taxonomy":"dt_portfolio_tags","embeddable":true,"href":"https:\/\/www.e-pedal.fr\/fr\/wp-json\/wp\/v2\/dt_portfolio_tags?post=858"}],"curies":[{"name":"wp","href":"https:\/\/api.w.org\/{rel}","templated":true}]}}

https://www.e-pedal.fr/fr/séjours/marin-rift-zone-e/

<p><strong>Un VTT electrique tout suspendu trail avec 140mm de débattement et en 29 Pouces. Un VTT très polyvalent hyper efficace en montée et joueur dans les zones techniques.</strong></p>
<h4><del>4999€</del></h4>
<h4>3700€</h4>
<p><a href="https://www.marinbikes.com/fr/bikes/2023-rift-zone-e-base" target="_blank" rel="noopener">voir la fiche constructeur</a></p>

<p>Un VTT electrique tout suspendu trail avec 140mm de débattement et en 29 Pouces. Un VTT très polyvalent hyper efficace en montée et joueur dans les zones techniques. 4999€ 3700€ voir la fiche constructeur</p>
