{"id":1026,"date":"2023-12-20T18:40:42","date_gmt":"2023-12-20T17:40:42","guid":{"rendered":"https:\/\/www.e-pedal.fr\/?post_type=dt_portfolio&#038;p=1026"},"modified":"2023-12-20T18:41:34","modified_gmt":"2023-12-20T17:41:34","slug":"marin-bike-el-roy","status":"publish","type":"dt_portfolio","link":"https:\/\/www.e-pedal.fr\/fr\/s\u00e9jours\/marin-bike-el-roy\/","title":{"rendered":"Marin Bike El Roy"},"content":{"rendered":"<p><strong>Un jouet sur les pistes d&rsquo;enduro. VTT L\u00e9gendaire, le El Roy est l&rsquo;ultime hardtail agressif en acier qui vous m\u00e8nera au sommet, puis brillera vraiment en descendant, avec un m\u00e9lange \u00e9pic\u00e9 de g\u00e9om\u00e9trie progressive et d&rsquo;acier souple.<\/strong><\/p>\n<h4 style=\"text-align: center;\"><strong><del>2600\u20ac<\/del><\/strong><\/h4>\n<h4 style=\"text-align: center;\"><strong>1600\u20ac velo test<\/strong><\/h4>\n<p style=\"text-align: center;\"><strong><a href=\"https:\/\/www.marinbikes.com\/fr\/bikes\/2022-el-roy\">voir la fiche constructeur<\/a><\/strong><\/p>\n<p><\/p>","protected":false},"excerpt":{"rendered":"<p>Un jouet sur les pistes d&rsquo;enduro. VTT L\u00e9gendaire, le El Roy est l&rsquo;ultime hardtail agressif en acier qui vous m\u00e8nera au sommet, puis brillera vraiment en descendant, avec un m\u00e9lange \u00e9pic\u00e9 de g\u00e9om\u00e9trie progressive et d&rsquo;acier souple. 2600\u20ac 1600\u20ac velo test voir la fiche constructeur<\/p>\n","protected":false},"author":3,"featured_media":1027,"comment_status":"closed","ping_status":"closed","template":"","dt_portfolio_category":[194,197],"dt_portfolio_tags":[],"class_list":["post-1026","dt_portfolio","type-dt_portfolio","status-publish","has-post-thumbnail","hentry","dt_portfolio_category-destockage-velo","dt_portfolio_category-vtt-semi-rigide","dt_portfolio_category-194","dt_portfolio_category-197","description-off"],"acf":[],"_links":{"self":[{"href":"https:\/\/www.e-pedal.fr\/fr\/wp-json\/wp\/v2\/dt_portfolio\/1026","targetHints":{"allow":["GET"]}}],"collection":[{"href":"https:\/\/www.e-pedal.fr\/fr\/wp-json\/wp\/v2\/dt_portfolio"}],"about":[{"href":"https:\/\/www.e-pedal.fr\/fr\/wp-json\/wp\/v2\/types\/dt_portfolio"}],"author":[{"embeddable":true,"href":"https:\/\/www.e-pedal.fr\/fr\/wp-json\/wp\/v2\/users\/3"}],"replies":[{"embeddable":true,"href":"https:\/\/www.e-pedal.fr\/fr\/wp-json\/wp\/v2\/comments?post=1026"}],"version-history":[{"count":2,"href":"https:\/\/www.e-pedal.fr\/fr\/wp-json\/wp\/v2\/dt_portfolio\/1026\/revisions"}],"predecessor-version":[{"id":1029,"href":"https:\/\/www.e-pedal.fr\/fr\/wp-json\/wp\/v2\/dt_portfolio\/1026\/revisions\/1029"}],"wp:featuredmedia":[{"embeddable":true,"href":"https:\/\/www.e-pedal.fr\/fr\/wp-json\/wp\/v2\/media\/1027"}],"wp:attachment":[{"href":"https:\/\/www.e-pedal.fr\/fr\/wp-json\/wp\/v2\/media?parent=1026"}],"wp:term":[{"taxonomy":"dt_portfolio_category","embeddable":true,"href":"https:\/\/www.e-pedal.fr\/fr\/wp-json\/wp\/v2\/dt_portfolio_category?post=1026"},{"taxonomy":"dt_portfolio_tags","embeddable":true,"href":"https:\/\/www.e-pedal.fr\/fr\/wp-json\/wp\/v2\/dt_portfolio_tags?post=1026"}],"curies":[{"name":"wp","href":"https:\/\/api.w.org\/{rel}","templated":true}]}}

https://www.e-pedal.fr/fr/séjours/marin-bike-el-roy/

<p><strong>Un jouet sur les pistes d&rsquo;enduro. VTT Légendaire, le El Roy est l&rsquo;ultime hardtail agressif en acier qui vous mènera au sommet, puis brillera vraiment en descendant, avec un mélange épicé de géométrie progressive et d&rsquo;acier souple.</strong></p>
<h4 style="text-align: center;"><strong><del>2600€</del></strong></h4>
<h4 style="text-align: center;"><strong>1600€ velo test</strong></h4>
<p style="text-align: center;"><strong><a href="https://www.marinbikes.com/fr/bikes/2022-el-roy">voir la fiche constructeur</a></strong></p>
<p></p>

<p>Un jouet sur les pistes d&rsquo;enduro. VTT Légendaire, le El Roy est l&rsquo;ultime hardtail agressif en acier qui vous mènera au sommet, puis brillera vraiment en descendant, avec un mélange épicé de géométrie progressive et d&rsquo;acier souple. 2600€ 1600€ velo test voir la fiche constructeur</p>
